u.
3
Let o be (-73)/((-4)/32 + (-5)/(-8)). Let j = o - -278. What are the prime factors of j?
2, 3, 11
Let k(g) = -104*g + 3296. List the prime factors of k(-94).
2, 19, 43
Let s be (-2)/8 + ((-1430)/8)/(-11). Suppose 12*z - 16*z = -s. Suppose 134 = j - z*m, j - 3*m = -3*j + 536. What are the prime factors of j?
2, 67
Let h(f) = f**3 + 19*f**2 + 28 + 2*f**2 - 2*f**3 + 11 - 11 - 22*f. List the prime factors of h(19).
2, 83
Suppose -2*u - 94 - 229 = 5*t, -3*t + 4*u - 173 = 0. Suppose -91 = 5*r + 279. Let q = t - r. What are the prime factors of q?
11
List the prime factors of (11006/(-3))/(8 + (-500)/60).
2, 5503
Let v(i) = -2204*i**3 - 2*i - 3. Let z be v(-1). Suppose 4*a = -5*u + 3615, 0 = 5*u - 3*a - z - 1447. List the prime factors of u.
727
Suppose 126*m = 124*m + 444. What are the prime factors of (2 + 2234/3)*m/185?
2, 7
Let w = -71 - -7. Let d = -73 - w. Let b(o) = -o**3 - 9*o**2 - 4*o + 8. What are the prime factors of b(d)?
2, 11
Let u(i) be the third derivative of -7/60*i**5 - 30*i**2 - 5/8*i**4 + 1/6*i**3 + 1/120*i**6 + 0*i + 0. List the prime factors of u(10).
151
What are the prime factors of 7/((-77)/(-44)) - -3879?
11, 353
Suppose -52 = 6*y - 100. Suppose y*o = o + 3745. List the prime factors of o.
5, 107
Suppose k = -4*v + 34286 - 3236, -v - 5*k = -7772. What are the prime factors of v?
2, 3881
Suppose -m + 27014 = -4*c, -3585*c + 3583*c = 12. List the prime factors of m.
2, 5, 2699
Let o = 59611 - 33225. What are the prime factors of o?
2, 79, 167
Suppose 3*c + 11 = 5*r, r + 5*c = 4*r + 3. Let k(d) = 3*d**3 + 11*d**2 - 10*d. What are the prime factors of k(r)?
2, 41
Let z(s) = -s**3 + 5*s**2 - 6*s + 4. Let d be z(3). Suppose g + 30 = d*g + 3*k, -g + 2*k = -10. Let l = -5 + g. What are the prime factors of l?
5
Let c(j) = j**3 + 2*j**2 + 42. Let r be (1 - (-1)/2) + (-18)/(-4). List the prime factors of c(r).
2, 3, 5, 11
List the prime factors of -373 + 386 - 10*-5052.
7, 7219
Let b(h) = -10*h + 3*h + h**3 + 7*h + 11*h**2 - 13. Let l be b(-9). Let v = -74 + l. List the prime factors of v.
3, 5
Suppose 11 = t + 9. Let y be (-40)/(-6)*-6 - 2*t. List the prime factors of 11/(y/30)*(-2)/3.
5
Let c = 13204 + -1615. What are the prime factors of c?
3, 3863
Suppose 0 = 13*p - 16*p - 5*u + 3046, 10 = 5*u. What are the prime factors of p?
2, 11, 23
Let k(m) = -m**2 - 10*m + 189. Let d be k(9). Suppose 3*j = 5*q - 140, -2*q = -5*j - 55 + d. List the prime factors of q.
31
Suppose -2*p - 5*p = -23506. What are the prime factors of p?
2, 23, 73
What are the prime factors of ((-2065)/14)/((-15)/4974)?
59, 829
Let v(y) = -y**2 + 5*y + 8. Let o be v(5). Suppose -o*g + 3078 = 11*g. List the prime factors of g.
2, 3
Suppose 3*t + 22 = 2*y, 4*y + 2*t - 3*t = 24. Suppose 1376 = y*k + 3*n, 3*k - 658 = 4*n + 185. What are the prime factors of k?
277
Let g be -94*55/(-10)*(-2 + 1). Let f = 1170 + g. List the prime factors of f.
653
Let y = 7541 + -1651. What are the prime factors of y?
2, 5, 19, 31
Let l(k) be the third derivative of k**5/60 + k**4/3 - 34*k**3/3 + k**2 + 6*k. List the prime factors of l(-28).
2, 3, 41
Suppose -2*l = -6*l - 4. Let j be (4/3)/(2/(-3) - l). Suppose 5*p + j*h - 196 - 124 = 0, 5*p - 330 = -2*h. List the prime factors of p.
2, 17
Let m(d) = -730*d + 33. Let f be m(-3). Suppose g + 4*b = 744, -b - 2*b + f = 3*g. What are the prime factors of g?
2, 5, 37
Suppose -12726 = -8*j - 6374. List the prime factors of j.
2, 397
Let x be (-2 - -2)/(52 + -51). Suppose 20*i - 24499 + 6979 = x. List the prime factors of i.
2, 3, 73
List the prime factors of 0 - (1*(-41610 + -8) + (-14)/2).
3, 5, 37
Let x(n) = -2*n**2 - 26*n + 3. Let h be x(-14). Let r(c) = -c**3 - 23*c**2 + 42*c - 61. What are the prime factors of r(h)?
139
Suppose 19*k - 16*k = 0. Suppose 10*i + 763 - 4623 = k. Let z = i + -249. List the prime factors of z.
137
Let h(w) = -4649*w**3 - 25*w**2 - 21*w + 4. What are the prime factors of h(-1)?
4649
Let s be (-3)/(-6)*-6*(-95)/57. Suppose -3*d - 5*g + 1195 = 0, -2*g + 389 = d - s*g. What are the prime factors of d?
5, 79
Let y(i) = -i**3 + 61*i**2 + 263*i - 70. List the prime factors of y(57).
27917
Suppose 0 = 27*j + 38 + 205. What are the prime factors of j - -3 - -9 - -56?
59
Let s = -96 + 98. Suppose t + 4*m = 27, 5*t - m - 78 = -s*m. What are the prime factors of 2*(t - (3/(-1) - -1))?
2, 17
List the prime factors of 13 - (0 - 11)*126.
1399
Let x(b) = b**2 - 5*b + 2. Suppose 0 = 8*y + 21 - 61. Let r be x(y). Suppose 62 = r*z - 112. List the prime factors of z.
3, 29
Suppose -84*r = -86*r - i + 16899, 5*r = -4*i + 42240. List the prime factors of r.
2, 2113
Let a = -4119 - -7678. What are the prime factors of a?
3559
Let k(w) be the third derivative of 9*w**5/10 + w**4/24 - 2*w**2. Let s = -345 + 346. What are the prime factors of k(s)?
5, 11
Let u(t) = -1. Let p(b) = 7*b - 15. Let h(x) = -p(x) + 4*u(x). Let g be h(1). Suppose 2*a + 3*f = 353, 0 = 4*a - g*f + 148 - 824. List the prime factors of a.
2, 43
Let c(x) = -38*x - 168. Let o be c(-36). Let f = o + -348. List the prime factors of f.
2, 3, 71
Suppose 2002 = 4*p - 2*a, -8*p + 7*p = -4*a - 490. What are the prime factors of p?
2, 251
Let h(i) = -5*i**2 - 4*i - 539. Let q(j) = -9*j**2 - 7*j - 1080. Let r(f) = 5*h(f) - 3*q(f). List the prime factors of r(0).
5, 109
Let g = 141 - 138. Suppose -g*p + 1003 = -5*v, p + 0*p = 3*v + 337. What are the prime factors of p?
331
Suppose -41*a + 43 = -285. Let u = 19 - 9. Suppose -a*w = -u*w + 188. List the prime factors of w.
2, 47
Let j(w) = 7*w**2 - 18*w + 5. Let d(a) = -2*a**2 - a + 1. Let u(z) = 3*d(z) + j(z). List the prime factors of u(21).
2
Suppose 2*a = -2*z + 146, 7*a = 2*a + z + 347. Suppose -a*x = -37*x - 20295. What are the prime factors of x?
3, 5, 41
Let t(c) = 20*c**2 - 5*c - 8. Suppose 7*h - 3 = 11. Suppose 0 = -4*v - q - h*q + 1, 0 = 3*q - 9. What are the prime factors of t(v)?
2, 41
Suppose 6*h = 3*h + 6*h - 28335. What are the prime factors of h?
5, 1889
What are the prime factors of (-2613)/201 + (-6268)/(-2)?
3121
Let k(j) = -9*j + 9. Let d be k(-1). List the prime factors of (-1779456)/(-864) - (-8)/d.
2, 5, 103
Suppose -3*y = -5*d - 1866, -15*y + 3*d + 1878 = -12*y. List the prime factors of y.
2, 79
Let o be 111/9 - (-1)/(-3). Let a(h) = h**3 - 8 + o*h - 4*h - 11*h**2 - 6*h. What are the prime factors of a(11)?
2, 7
Let u(o) be the first derivative of o**4/3 - 17*o**3/6 + 9*o**2/2 + 19. Let v(r) be the second derivative of u(r). List the prime factors of v(15).
103
Suppose 3630 - 25617 = -9*a. Suppose 2*y + 2*d - 1244 = 0, 0*d = 4*y - 5*d - a. What are the prime factors of y?
617
Suppose 5*i - 41463 = 3*w - 13188, -2*w = -4*i + 22620. What are the prime factors of i?
3, 5, 13, 29
Let p(o) = 45*o + 660. List the prime factors of p(10).
2, 3, 5, 37
Suppose -2*g + y + 3 = -7, 23 = g - 5*y. Let p be g/(-2) + (-2)/4*-7. What are the prime factors of (-35)/((2 - (-27)/(-12))*p)?
2, 5, 7
Let l(q) = -q**3 + 37*q**2 - 142*q + 51. Suppose 0 = -5*c - 4*t + 148, 143 = 4*c - 0*c - 5*t. List the prime factors of l(c).
3, 11, 19
Let j = 57 - 25. Let t = j - 27. Suppose -2*d + 3*s = 5*s - 118, 4*d - 231 = -t*s. What are the prime factors of d?
2
Suppose -10*j + 42 = -4*j. Let r = 0 + j. Suppose 482 = 3*f - i, -2*f - 796 = -r*f - 2*i. What are the prime factors of f?
2, 5
Let q = 3299 - 2199. Let s = q + -658. What are the prime factors of s?
2, 13, 17
Suppose -5896 = -5*c - 2*j, 5*j + 1757 = -4*c + 6467. Suppose c + 40 = -20*l. Let b = l + 193. List the prime factors of b.
2, 3, 11
Let o(d) = -11*d - 185*d**2 + 177*d**2 + 22 - 8 - d**3. What are the prime factors of o(-11)?
2, 3, 83
Let m(r) = -r + 7. Let j be m(10). Let i(w) = -w**3 - 2*w**2 - 6*w - 2. Let q be i(j). What are the prime factors of -5*(-15)/q - -81?
2, 3, 7
Suppose -10*u + 3*u - 7*u + 105098 = 0. List the prime factors of u.
7507
Suppose 3*k + 6 = 21. Suppose 0 = 18*s - 1 - 71. Suppose s*a = -k*v + 564 + 94, 5*v = -2*a + 324. List the prime factors of a.
167
Let n(d) = -6*d + 27 - 2 - 6. List the prime factors of n(-4).
43
Let w = 715 + -714. Let x(r) = 398*r**2 + 3*r + 1. List the prime factors of x(w).
2, 3, 67
Let h = -14954 + 27342. What are the prime factors of h?
2, 19, 163
Let r be 70/20*(2/(-14) - -3). Let x = 29 + -41. List the prime facto